{"id":310,"date":"2024-12-15T19:48:58","date_gmt":"2024-12-15T17:48:58","guid":{"rendered":"https:\/\/pamatuzymejimas.lt\/?page_id=310"},"modified":"2024-12-17T23:04:58","modified_gmt":"2024-12-17T21:04:58","slug":"paslaugos","status":"publish","type":"page","link":"https:\/\/pamatuzymejimas.lt\/?page_id=310","title":{"rendered":"Paslaugos"},"content":{"rendered":"<p><strong>Topografiniai planai<\/strong> \u2013 tai detal\u016bs \u017eem\u0117s pavir\u0161iaus br\u0117\u017einiai, kuriuose pavaizduota vietov\u0117s reljefas, esami statiniai, in\u017eineriniai tinklai, \u017eeldiniai ir kiti objektai. \u0160ie planai sudaromi remiantis tiksliais geodeziniais matavimais ir naudojami kaip pagrindas planuojant statybos, projektavimo ar teritorij\u0173 tvarkymo darbus.<\/p>\n<p>Topografiniai planai b\u016btini rengiant detaliuosius planus, statybos projektus, in\u017einerini\u0173 tinkl\u0173 rekonstrukcijas ar nauj\u0173 komunikacij\u0173 tiesim\u0105. Juos da\u017enai reikalauja pateikti savivaldyb\u0117s ir kitos institucijos derinant projektus.<\/p>\n<p>Planai padeda tiksliai \u012fvertinti esam\u0105 situacij\u0105, u\u017etikrina tikslum\u0105 projektuojant bei ma\u017eina klaid\u0173 tikimyb\u0119 statyb\u0173 metu. Be to, jie reikalingi skland\u017eiam komunikavimui tarp projektuotoj\u0173, statybinink\u0173 ir u\u017esakov\u0173. Kokybi\u0161kai parengtas topografinis planas \u2013 s\u0117kmingo projekto pagrindas.<\/p>\n<p>\t\t\t\t\t\t\t\t\t\t\t\t\t<img fetchpriority=\"high\" decoding=\"async\" width=\"768\" height=\"543\" src=\"https:\/\/pamatuzymejimas.lt\/wp-content\/uploads\/2019\/02\/topo1-e1551362824768-768x543.jpg\" alt=\"\" srcset=\"https:\/\/pamatuzymejimas.lt\/wp-content\/uploads\/2019\/02\/topo1-e1551362824768-768x543.jpg 768w, https:\/\/pamatuzymejimas.lt\/wp-content\/uploads\/2019\/02\/topo1-e1551362824768-300x212.jpg 300w, https:\/\/pamatuzymejimas.lt\/wp-content\/uploads\/2019\/02\/topo1-e1551362824768-1024x724.jpg 1024w, https:\/\/pamatuzymejimas.lt\/wp-content\/uploads\/2019\/02\/topo1-e1551362824768.jpg 1754w\" sizes=\"(max-width: 768px) 100vw, 768px\" \/>\t\t\t\t\t\t\t\t\t\t\t\t\t<\/p>\n<p data-pm-slice=\"1 1 []\"><strong>Kadastriniai (geodeziniai) \u017eem\u0117s sklyp\u0173 matavimai<\/strong> \u2013 tai procesas, kurio metu atstatomi \u017eem\u0117s sklypo ribo\u017eenkliai, patikslinamas sklypo plotas, pad\u0117tis bei kiti duomenys.<\/p>\n<p>Kadastrini\u0173 matavim\u0173 rezultatai fiksuojami sklypo kadastrini\u0173 matavim\u0173 byloje, kuri yra b\u016btina sklypo registracijai Nekilnojamojo turto registre. Tai reikalinga \u017eem\u0117s savininkams, norint tvarkyti nuosavyb\u0117s dokumentus, parduoti ar padalinti sklyp\u0105, atlikti statyb\u0173 projektus ar spr\u0119sti gin\u010dus d\u0117l sklypo rib\u0173.<\/p>\n<p>Tokie matavimai suma\u017eina konflikt\u0173 tarp kaimyn\u0173 rizik\u0105. Jie taip pat yra b\u016btini, norint registruoti naujai pastatytus statinius ar parduoti sklyp\u0105 mieste.<\/p>\n<p>\t\t\t\t\t\t\t\t\t\t\t\t\t<img decoding=\"async\" width=\"1024\" height=\"724\" src=\"https:\/\/pamatuzymejimas.lt\/wp-content\/uploads\/2019\/01\/sklypo-planas111-1-1024x724.jpg\" alt=\"\" srcset=\"https:\/\/pamatuzymejimas.lt\/wp-content\/uploads\/2019\/01\/sklypo-planas111-1-1024x724.jpg 1024w, https:\/\/pamatuzymejimas.lt\/wp-content\/uploads\/2019\/01\/sklypo-planas111-1-300x212.jpg 300w, https:\/\/pamatuzymejimas.lt\/wp-content\/uploads\/2019\/01\/sklypo-planas111-1-768x543.jpg 768w\" sizes=\"(max-width: 1024px) 100vw, 1024px\" \/>\t\t\t\t\t\t\t\t\t\t\t\t\t<\/p>\n<p data-pm-slice=\"1 1 []\"><strong>Statini\u0173 kadastriniai matavimai (inventorizacija)<\/strong> \u2013 tai proced\u016bra, kurios metu tiksliai nustatomi ir \u012fvertinami pastat\u0173 ar kit\u0173 statini\u0173 fiziniai duomenys: plotas, t\u016bris, auk\u0161tis, konstrukcijos tipas, in\u017eineriniai tinklai bei kiti svarb\u016bs parametrai.<\/p>\n<p>Statini\u0173 kadastrini\u0173 matavim\u0173 duomenys fiksuojami kadastrini\u0173 matavim\u0173 byloje, kuri b\u016btina registruojant statinius Nekilnojamojo turto registre. Tai b\u016btina proced\u016bra norint \u012fteisinti naujai pastatytus objektus, atlikti statini\u0173 rekonstrukcij\u0105 ar keisti j\u0173 paskirt\u012f.<\/p>\n<p>Kadastrini\u0173 matavim\u0173 metu surinkta informacija padeda tiksliai nustatyti statini\u0173 vert\u0119, u\u017etikrinti j\u0173 atitikt\u012f projektams bei i\u0161vengti galim\u0173 teisini\u0173 gin\u010d\u0173 d\u0117l statini\u0173 teis\u0117tumo.<\/p>\n<p>\t\t\t\t\t\t\t\t\t\t\t\t\t<img decoding=\"async\" width=\"1024\" height=\"724\" src=\"https:\/\/pamatuzymejimas.lt\/wp-content\/uploads\/2024\/12\/PIRMAS-AUKSTAS1-1024x724.png\" alt=\"\" srcset=\"https:\/\/pamatuzymejimas.lt\/wp-content\/uploads\/2024\/12\/PIRMAS-AUKSTAS1-1024x724.png 1024w, https:\/\/pamatuzymejimas.lt\/wp-content\/uploads\/2024\/12\/PIRMAS-AUKSTAS1-300x212.png 300w, https:\/\/pamatuzymejimas.lt\/wp-content\/uploads\/2024\/12\/PIRMAS-AUKSTAS1-768x543.png 768w, https:\/\/pamatuzymejimas.lt\/wp-content\/uploads\/2024\/12\/PIRMAS-AUKSTAS1-1536x1086.png 1536w, https:\/\/pamatuzymejimas.lt\/wp-content\/uploads\/2024\/12\/PIRMAS-AUKSTAS1.png 1754w\" sizes=\"(max-width: 1024px) 100vw, 1024px\" \/>\t\t\t\t\t\t\t\t\t\t\t\t\t<\/p>\n<p data-pm-slice=\"1 1 []\"><strong>Statini\u0173 ir in\u017einerini\u0173 tinkl\u0173 geodezin\u0117s nuotraukos<\/strong> \u2013 tai tiksl\u016bs matavimai, kuriais fiksuojama esam\u0173 statini\u0173, in\u017einerini\u0173 tinkl\u0173 ir j\u0173 element\u0173 pad\u0117tis erdv\u0117je. \u0160ie duomenys naudojami dokumentuojant pastatytus objektus, atliekant j\u0173 rekonstrukcijas ar pl\u0117tojant infrastrukt\u016br\u0105.<\/p>\n<p>Geodezin\u0117s nuotraukos yra b\u016btinos tiksliai nustatant statini\u0173 ar tinkl\u0173 buvimo viet\u0105, j\u0173 auk\u0161\u010dius, gyl\u012f bei kitus parametrus. Surinkta informacija padeda u\u017etikrinti, kad objektai atitinka projektinius sprendinius, ir suteikia tvirt\u0105 pagrind\u0105 tolimesniam projektavimui ar technin\u0117s prie\u017ei\u016bros darbams.<\/p>\n<p>\u0160ios nuotraukos da\u017enai reikalingos tiek statybos u\u017ebaigimo dokumentacijai rengti, tiek siekiant \u012fteisinti esamus ar naujai \u012frengtus objektus. Labai svarbu atlikti in\u017einerini\u0173 tinkl\u0173 fiksavim\u0105 dar neu\u017ekasus, siekiant u\u017etikrinti j\u0173 tiksl\u0173 buvimo vietos nustatym\u0105, gylio ir kit\u0173 parametr\u0173 dokumentavim\u0105. Tai padeda i\u0161vengti klaid\u0173 ateityje, ypa\u010d kai reikalinga tinkl\u0173 rekonstrukcija ar prie\u017ei\u016bra.<\/p>\n<p>\t\t\t\t\t\t\t\t\t\t\t\t\t<img loading=\"lazy\" decoding=\"async\" width=\"1024\" height=\"724\" src=\"https:\/\/pamatuzymejimas.lt\/wp-content\/uploads\/2024\/12\/Lietus_L1-1024x724.png\" alt=\"\" srcset=\"https:\/\/pamatuzymejimas.lt\/wp-content\/uploads\/2024\/12\/Lietus_L1-1024x724.png 1024w, https:\/\/pamatuzymejimas.lt\/wp-content\/uploads\/2024\/12\/Lietus_L1-300x212.png 300w, https:\/\/pamatuzymejimas.lt\/wp-content\/uploads\/2024\/12\/Lietus_L1-768x543.png 768w, https:\/\/pamatuzymejimas.lt\/wp-content\/uploads\/2024\/12\/Lietus_L1-1536x1086.png 1536w, https:\/\/pamatuzymejimas.lt\/wp-content\/uploads\/2024\/12\/Lietus_L1.png 1754w\" sizes=\"(max-width: 1024px) 100vw, 1024px\" \/>\t\t\t\t\t\t\t\t\t\t\t\t\t<\/p>\n<p data-pm-slice=\"1 1 []\"><strong>Statini\u0173 statybini\u0173 a\u0161i\u0173 nu\u017eym\u0117jimas statybviet\u0117je<\/strong> \u2013 tai proced\u016bra, kurios metu tiksliai nu\u017eymimos statinio a\u0161ys pagal projektinius duomenis. \u0160is procesas yra itin svarbus pradedant statybas, nes u\u017etikrina, kad statinys bus pastatytas tinkamoje vietoje, atitiks projektinius reikalavimus ir teisinius reglamentus.<\/p>\n<p>Nu\u017eym\u0117jimas atliekamas naudojant auk\u0161tos tikslumo geodezinius prietaisus, tokius kaip tacheometrai ir GPS imtuvai, siekiant i\u0161vengti bet koki\u0173 nukrypim\u0173. \u0160is darbas yra b\u016btinas tiek gyvenam\u0173j\u0173, tiek komercini\u0173, tiek infrastrukt\u016brini\u0173 objekt\u0173 statyboms.<\/p>\n<p>Tiksliai nu\u017eym\u0117tos a\u0161ys leid\u017eia rangovams tiksliai vykdyti statybos darbus, suma\u017eina klaid\u0173 rizik\u0105 ir u\u017etikrina projekto s\u0117km\u0119. Tai vienas i\u0161 pagrindini\u0173 \u017eingsni\u0173 statybos procese, nuo kurio priklauso statinio kokyb\u0117 ir atitiktis planui.<\/p>\n<p>\t\t\t\t\t\t\t\t\t\t\t\t\t<img loading=\"lazy\" decoding=\"async\" width=\"1024\" height=\"503\" src=\"https:\/\/pamatuzymejimas.lt\/wp-content\/uploads\/2018\/01\/zymej_aptv1-1024x503.jpg\" alt=\"\" srcset=\"https:\/\/pamatuzymejimas.lt\/wp-content\/uploads\/2018\/01\/zymej_aptv1-1024x503.jpg 1024w, https:\/\/pamatuzymejimas.lt\/wp-content\/uploads\/2018\/01\/zymej_aptv1-300x147.jpg 300w, https:\/\/pamatuzymejimas.lt\/wp-content\/uploads\/2018\/01\/zymej_aptv1-768x377.jpg 768w, https:\/\/pamatuzymejimas.lt\/wp-content\/uploads\/2018\/01\/zymej_aptv1.jpg 1492w\" sizes=\"(max-width: 1024px) 100vw, 1024px\" \/><\/p>\n","protected":false},"excerpt":{"rendered":"<p>Topografiniai planai \u2013 tai detal\u016bs \u017eem\u0117s pavir\u0161iaus br\u0117\u017einiai, kuriuose pavaizduota vietov\u0117s reljefas, esami statiniai, in\u017eineriniai tinklai, \u017eeldiniai ir kiti objektai. \u0160ie planai sudaromi remiantis tiksliais geodeziniais matavimais ir naudojami kaip pagrindas planuojant statybos, projektavimo ar teritorij\u0173 tvarkymo darbus. Topografiniai planai b\u016btini rengiant detaliuosius planus, statybos projektus, in\u017einerini\u0173 tinkl\u0173 rekonstrukcijas ar nauj\u0173 komunikacij\u0173 tiesim\u0105. Juos da\u017enai [&hellip;]<\/p>\n","protected":false},"author":1,"featured_media":0,"parent":0,"menu_order":0,"comment_status":"closed","ping_status":"closed","template":"","meta":{"footnotes":""},"class_list":["post-310","page","type-page","status-publish","hentry"],"_links":{"self":[{"href":"https:\/\/pamatuzymejimas.lt\/index.php?rest_route=\/wp\/v2\/pages\/310","targetHints":{"allow":["GET"]}}],"collection":[{"href":"https:\/\/pamatuzymejimas.lt\/index.php?rest_route=\/wp\/v2\/pages"}],"about":[{"href":"https:\/\/pamatuzymejimas.lt\/index.php?rest_route=\/wp\/v2\/types\/page"}],"author":[{"embeddable":true,"href":"https:\/\/pamatuzymejimas.lt\/index.php?rest_route=\/wp\/v2\/users\/1"}],"replies":[{"embeddable":true,"href":"https:\/\/pamatuzymejimas.lt\/index.php?rest_route=%2Fwp%2Fv2%2Fcomments&post=310"}],"version-history":[{"count":16,"href":"https:\/\/pamatuzymejimas.lt\/index.php?rest_route=\/wp\/v2\/pages\/310\/revisions"}],"predecessor-version":[{"id":390,"href":"https:\/\/pamatuzymejimas.lt\/index.php?rest_route=\/wp\/v2\/pages\/310\/revisions\/390"}],"wp:attachment":[{"href":"https:\/\/pamatuzymejimas.lt\/index.php?rest_route=%2Fwp%2Fv2%2Fmedia&parent=310"}],"curies":[{"name":"wp","href":"https:\/\/api.w.org\/{rel}","templated":true}]}}